t is 1 - -243?
244
In base 12, what is 24 - 37a?
-356
In base 11, what is 3 - -22a8?
2300
In base 13, what is 0 + -109?
-109
In base 9, what is -5 + 376?
371
In base 4, what is 123 + 1202?
1331
In base 6, what is 142 + -3?
135
In base 3, what is -10 + -110?
-120
In base 3, what is -10 + 12?
2
In base 8, what is 27 - 522?
-473
In base 12, what is -529 + 2?
-527
In base 7, what is -1255 + 2?
-1253
In base 8, what is -1170 - 2?
-1172
In base 16, what is 195 - -4?
199
In base 3, what is -21022 - 1?
-21100
In base 9, what is -1307 + 0?
-1307
In base 2, what is 11101001 + 101?
11101110
In base 5, what is -1 + -22?
-23
In base 7, what is -36 - -36?
0
In base 5, what is -310 + 2?
-303
In base 11, what is 25 - -5?
2a
In base 14, what is -93 - -11?
-82
In base 6, what is 4 - -1354?
1402
In base 14, what is 4 + -2d2?
-2cc
In base 15, what is -30dc + 2?
-30da
In base 15, what is -5c + -4?
-61
In base 3, what is 12 - 1202?
-1120
In base 9, what is -16 + 1501?
1474
In base 10, what is -9 + -504?
-513
In base 16, what is 9 - a0?
-97
In base 11, what is -1088 + 0?
-1088
In base 8, what is -7 + 1131?
1122
In base 5, what is 20 - -32?
102
In base 12, what is -7 - -1?
-6
In base 5, what is -104230 - 12?
-104242
In base 4, what is 3 - -32?
101
In base 16, what is 7 + 2d?
34
In base 6, what is 0 + -40352?
-40352
In base 15, what is -2 - -d88?
d86
In base 14, what is -ad + -3?
-b2
In base 8, what is -2 - -2214?
2212
In base 14, what is 4 + b5?
b9
In base 14, what is a2 + 2?
a4
In base 3, what is -10102201 - 10?
-10102211
In base 8, what is -47 + -11?
-60
In base 9, what is 3 + 2251?
2254
In base 8, what is -24 + -612?
-636
In base 15, what is 9 - -4?
d
In base 6, what is 4 + -200?
-152
In base 12, what is -1 + 10b?
10a
In base 5, what is -4301 + -12?
-4313
In base 5, what is -1414 - 11?
-1430
In base 2, what is 0 + -1000101?
-1000101
In base 13, what is -9 - -7?
-2
In base 15, what is -44 + 3?
-41
In base 2, what is -110 - -1?
-101
In base 13, what is -a - 507?
-514
In base 15, what is 5b0 - 4?
5ab
In base 6, what is -53231 + 1?
-53230
In base 16, what is 365 + 0?
365
In base 4, what is 11221 - 30?
11131
In base 2, what is 1001 + -11101000?
-11011111
In base 3, what is -10 + -21002100?
-21002110
In base 10, what is -7 + 2?
-5
In base 2, what is -100110010001 - 10?
-100110010011
In base 4, what is -131022 - -3?
-131013
In base 14, what is 40 + -7?
37
In base 3, what is -11111 + 1?
-11110
In base 6, what is -4 + 4330?
4322
In base 3, what is -11 - 120?
-201
In base 10, what is 242 + -3?
239
In base 16, what is 985 - -6?
98b
In base 11, what is -122 + 0?
-122
In base 2, what is -100110 + -1011101?
-10000011
In base 3, what is -1011211 + 2?
-1011202
In base 16, what is -1 - -14?
13
In base 10, what is -3 - -16?
13
In base 16, what is -3 - -45?
42
In base 5, what is 104304 + 10?
104314
In base 12, what is -263 + 16?
-249
In base 16, what is 3 - 632?
-62f
In base 16, what is 4 - 2?
2
In base 2, what is 1011100000 - -111?
1011100111
In base 10, what is -3 - -56?
53
In base 15, what is 34 - -7?
3b
In base 4, what is -3032 - 11?
-3103
In base 2, what is -1111111101 + -10?
-1111111111
In base 14, what is 2 - -4a?
4c
In base 4, what is -12022 - -1?
-12021
In base 13, what is 0 + 2?
2
In base 7, what is 323 + -2?
321
In base 16, what is 19 + -22?
-9
In base 15, what is 55 - 81?
-2b
In base 10, what is -2 - 3683?
-3685
In base 9, what is -4 - -13?
8
In base 9, what is 10 + 1011?
1021
In base 6, what is -1 + 11511?
11510
In base 8, what is 33 + -3?
30
In base 11, what is 296 - -1?
297
In base 16, what is 1b7 + -2?
1b5
In base 12, what is -7b + -5?
-84
In base 12, what is 10 - 2?
a
In base 16, what is 3 - 130?
-12d
In base 11, what is -7407 - -5?
-7402
In base 16, what is 1c + d?
29
In base 14, what is -1b5 + -2?
-1b7
In base 4, what is -10131132 - 2?
-10131200
In base 8, what is -274 - -2?
-272
In base 15, what is -2b - 53?
-7e
In base 16, what is 2 - -aba?
abc
In base 15, what is -11a - 2?
-11c
In base 9, what is -33 - -3?
-30
In base 9, what is -44363 - 0?
-44363
In base 8, what is 1376 - -4?
1402
In base 4, what is 2 + 122121?
122123
In base 4, what is -133 - 12?
-211
In base 10, what is -104 + 5?
-99
In base 8, what is -1 + 533?
532
In base 3, what is 10 + -202?
-122
In base 14, what is 1662 + -5?
165b
In base 2, what is -10110 + 1001?
-1101
In base 10, what is -9 + 3267?
3258
In base 11, what is 1 - -418?
419
In base 13, what is b63 + -5?
b5b
In base 5, what is -32103 + 11?
-32042
In base 8, what is -3 + -61?
-64
In base 16, what is -35 - -3?
-32
In base 11, what is -6889 + -4?
-6892
In base 12, what is -5 - -199?
194
In base 3, what is 120010 - 0?
120010
In base 7, what is -460 - 3?
-463
In base 11, what is -10 + -8?
-18
In base 9, what is 0 + 658?
658
In base 11, what is 5 - 2a8?
-2a3
In base 15, what is 6c2 - -1?
6c3
In base 11, what is 3261 + -2?
325a
In base 11, what is -2 - -294?
292
In base 16, what is 6 + 5?
b
In base 2, what is 1010000110 + 100?
1010001010
In base 10, what is 1 + 4514?
4515
In base 2, what is 1011001 + 11010?
1110011
In base 9, what is -410 - -36?
-363
In base 4, what is -112132 + 20?
-112112
In base 2, what is -100111110 + 1?
-100111101
In base 16, what is 5 + -6d?
-68
In base 2, what is -100000 - -10010?
-1110
In base 4, what is -11 + -1003?
-1020
In base 3, what is 20010 - -101?
20111
In base 7, what is 6 - -1100?
1106
In base 12, what is 9 + -125?
-118
In base 5, what is 23030 + 3?
23033
In base 12, what is -4 + 28?
24
In base 4, what is -10 + -3200?
-3210
In base 15, what is 4 - -d2?
d6
In base 11, what is 1 - -908?
909
In base 4, what is 1210 + -2?
1202
In base 2, what is 11 + -1000001101001?
-1000001100110
In base 10, what is 47 - 14?
33
In base 8, what is -3 + -56?
-61
In base 10, what is -1885 - 4?
-1889
In base 11, what is -628 + 7?
-621
In base 13, what is 3 + -113?
-110
In base 16, what is -5 + -ae?
-b3
In base 10, what is 43 - 24?
19
In base 16, what is 11a3 - -4?
11a7
In base 15, what is -2c - -4?
-28
In base 8, what is 30 - 711?
-661
In base 15, what is e + 149?
158
In base 5, what is -2144 + -14?
-2213
In base 14, what is -5 - -dc?
d7
In base 8, what is 11555 + -2?
11553
In base 15, what is 40 - -1?
41
In base 9, what is -843 - 5?
-848
In base 11, what is 11 - -143?
154
In base 12, what is -123 + -1?
-124
In base 14, what is 98 + -127?
-6d
In base 2, what is -100 + 1010000?
1001100
In base 5, what is 2233 + 12?
2300
In base 8, what is 3 + 66?
71
In base 14, what is 17 + 12c?
145
In base 16, what is 4 - 78?
-74
In base 15, what is 549 - a?
53e
In base 6, what is 145 - 4?
141
In base 7, what is -60046 - -3?
-60043
In base 9, what is -3 - 55?
-58
In base 15, what is 4 + 4d?
52
In base 14, what is c - -31?
3d
In base 10, what is 12863 + -1?
12862
In base 16, what is 8 + -ac9?
-ac1
In base 12, what is -15 + 79?
64
In base 8, what is 142 - -16?
160
In base 14, what is -1c9 - 3?
-1cc
In base 12, what is 101 + -9?
b4
In base 3, what is 12 - -2002?
2021
In base 11, what is -21 - 26?
-47
In base 2, what is 1 + 1101100?
1101101
In base 14, what is 4 - -1d1?
1d5
In base 7, what is -4 - 151?
-155
In base 14, what is 401 - -1?
402
In base 13, what is c4 - 13?
b1
In base 4, what is -102330 + 0?
-102330
In base 14, what is 47 - -4?
4b
In base 9, what is 3 + 1207?
1211
In base 5, what is -10 + 2042?
2032
In base 2, what is -1 - 1100000?
-1100001
In base 14, what is c2 + 7?
c9
In base 10, what is -49 - 70?
-119
In base 3, what is 2121 - -10?
2201
In base 10, what is 0 + 720?
720
In base 11, what is -27 + -17?
-43
In base 4, what is 33031 + -12?
33013
In base 14, what is -33 + -296?
-2c9
In base 9, what is 23 - 183?
-160
In base 11, what is -4 - -4116?
4112
In base 8, what is -656 + 10?
-646
In base 15, what is -a + 22?
17
In base 13, what is -2 - b9?
-bb
In base 15, what is -1527 - 1?
-1528
In base 3, what is -11 + -100?
-111
In base 12, what is -46 - -3?
-43
In base 12, what is 0 + -1205?
-1205
In base 16, what is 30 - -1?
31
In base 9, what is -5 + -62?
-67
In base 4, what is 2133 - 231?
1302
In base 16, what is -55 - 3?
-58
In base 11, what is 5 + 252?
257
In base 7, what is 2 - -31?
33
In base 13, what is -382 + -8?
-38a
In base 2, what is -100 - -1100111001?
1100110101
In base 10, what is 6 - -7?
13
In base 12, what is 258 + 81?
319
In base